(-6) - (-280)/6 is divided by t.
14
Let m = -33 + 57. Let a = m - 14. Calculate the remainder when 29 is divided by a.
9
Let f be (-640)/(-14) - (-14)/49. Let h = f + -18. Suppose -5*i = -i - h. What is the remainder when 19 is divided by i?
5
Let c = -2 + 0. Let i(l) = l**3 + 2*l**2 - l + 1. What is the remainder when i(c) is divided by 2?
1
Suppose v + 343 = 3*w, w + 3*v - 5 = 106. What is the remainder when w is divided by 1 + 3 + -1 + 26?
27
Let o = 216 + -119. Suppose 23 = 3*w - o. Calculate the remainder when w is divided by 14.
12
What is the remainder when 55 is divided by (-7)/(140/(-145)) + 2/(-8)?
6
Let l be (-6 - -2)/(0 + 1). Let o(d) = d + 7. What is the remainder when o(0) is divided by 2/8 - 15/l?
3
Let z = -23 + 32. Suppose z = -4*q + q, -91 = 5*h - 3*q. Calculate the remainder when 2/(-5) - 828/h is divided by 14.
13
Suppose 0*y - 92 = -4*y. What is the remainder when y is divided by (16/10)/(4/30)?
11
Let b be -1 + 2 + -16 + -7. Let l = b - -33. What is the remainder when 18 is divided by l?
7
Suppose -11*i + 164 = -9*i. Calculate the remainder when i is divided by 14.
12
Let l = -5 + 5. Suppose 3*q + 0*q - 372 = l. Suppose -d = 5*w - q, -4*d + 38 + 8 = 2*w. Calculate the remainder when w is divided by 13.
12
What is the remainder when ((-6)/(-9))/(12/594) is divided by ((-18)/4)/((-2)/4)?
6
What is the remainder when 33 is divided by 3*17*(-10)/(-30)?
16
Let h = 1 + 1. What is the remainder when 50 is divided by 26/(h + -3 + 3)?
11
Suppose 2*w + 58 = 3*v - 0*v, 0 = 2*v + 3*w - 30. What is the remainder when 50 is divided by v?
14
Suppose 2*l + 229 = 3*l. What is the remainder when l is divided by 47?
41
Let f = 13 + -11. Suppose 3*x - 34 = f*x. Let w(s) = s**3 + 3*s**2 - 4*s - 3. What is the remainder when x is divided by w(-2)?
7
Suppose -18 = -5*n - 3. What is the remainder when 30 + (n/3 - 3) is divided by 15?
13
What is the remainder when 115 is divided by 3 - (1 + (-26 - 2) - -1)?
28
Suppose -u - 1 = 0, 2*i + 3*i = 2*u + 57. What is the remainder when 21 is divided by i?
10
Suppose 0 = 7*r - 12*r + 555. Calculate the remainder when r is divided by 23.
19
Let m(y) be the third derivative of y**4/24 + 11*y**3/6 - y**2. Let u be m(-7). Suppose -u*f + 11 + 1 = 0. Calculate the remainder when f is divided by 2.
1
Suppose 14 = 35*a - 33*a. What is the remainder when 32 is divided by a?
4
Calculate the remainder when 104 is divided by -14*(4 - 52/8).
34
Let x be (8/(-6))/(4/(-6)). Let s(g) = -5*g - 9. What is the remainder when s(-5) is divided by 2 - (2/x + -5)?
4
Let v = 166 + -88. Suppose -5*h + v = 3. What is the remainder when 44 is divided by h?
14
Suppose -3*i + 135 = -3*c, 9*c - 7*c = -5*i + 225. Calculate the remainder when 177 is divided by i.
42
Suppose 1 + 84 = 5*s. Calculate the remainder when s is divided by 9.
8
Suppose 37 = 4*k - 3*u, u + 1 - 12 = -2*k. Calculate the remainder when 359/7 - 2/k is divided by 13.
12
Let r(l) = l**2 + l - 12. Let s be r(5). Suppose -o + 4*o - s = 0. Let h(g) = g**3 - 5*g**2 + 5*g. Calculate the remainder when o is divided by h(4).
2
Let c = -6 - 5. Let z = 8 + c. Calculate the remainder when 25 is divided by (2/6)/(z/(-117)).
12
Let p(v) = v**3 - 9*v**2 + v - 1. Suppose -6*m + 3*m + 39 = 0. What is the remainder when m is divided by p(9)?
5
Suppose w - 20 = 6. Let c = 43 + -36. Calculate the remainder when w is divided by c.
5
Suppose 55 + 170 = 9*i. Calculate the remainder when 124 is divided by i.
24
Let t(w) = -w**3 + 7*w**2 - 5*w - 7. Let k be t(5). Suppose 5 = -0*i + i, -v - i + k = 0. What is the remainder when (-1 + 3/2)*74 is divided by v?
11
Let u = 4 - -2. Suppose 0 = q - m - u, 5*m = -q - 4*q - 20. What is the remainder when -1*(0 - q)*10 is divided by 4?
2
Let y = 5 - 3. Let m be -2*(27/(-6))/(-3). Let g = m + 5. Calculate the remainder when g is divided by y.
0
Suppose -76*z - 335 = -81*z. What is the remainder when z is divided by 35?
32
Let a = 79 - 37. Calculate the remainder when a is divided by 15.
12
Let m = -3 + 8. Suppose -53 = -4*t + 5*v - 16, 4*v + 1 = t. What is the remainder when t is divided by m?
3
Suppose -5*s + 5 = -3*k + 129, -5*s = -k + 58. Calculate the remainder when k is divided by 20.
13
Suppose -2*s + 140 = -34. Suppose 0 = q - 0 - 3. Suppose q*h - s = 51. Calculate the remainder when h is divided by 12.
10
Suppose -5*c - 3*f = 2*f + 10, 2 = 2*c - f. Let y = -5 + 9. Calculate the remainder when y is divided by -2*(c - 2 - -1).
0
Suppose -4*n = -n - 45. Calculate the remainder when 58 is divided by n.
13
Let w = 30 - 19. What is the remainder when 1 + -2 + 1 - -42 is divided by w?
9
Let c(b) = b**3 + 8*b**2 + 4*b + 15. Calculate the remainder when c(-6) is divided by 16.
15
Let u(z) = -12*z**3 - z - 1. Let x be (10/30)/(1/(-27)). Calculate the remainder when u(-1) is divided by (-3)/x*9 + 4.
5
Let v(c) = 4*c - 7. What is the remainder when v(11) is divided by 19?
18
Let s(b) = b**3 - 5*b**2 + 5*b + 3. Let i = -26 + 29. Calculate the remainder when s(4) is divided by i.
1
Suppose 0 = -3*k - 3*p + 174, 0*p - 245 = -5*k + 4*p. Calculate the remainder when k is divided by 14.
11
Let y(t) = 5*t**2 + t - 2. Calculate the remainder when 39 is divided by y(2).
19
Let q(l) = -9*l - 5. Let z(j) = -5*j - 3. Let c(h) = -4*q(h) + 7*z(h). Let s = -6 - -11. Calculate the remainder when c(s) is divided by 2.
0
Let v(u) = -u**2 - 8*u + 2. Calculate the remainder when (-39)/(3 - (-45)/(-10)) is divided by v(-6).
12
Let q(f) = 5*f - 3. Let b be q(3). Let c = b - 3. What is the remainder when c is divided by 5?
4
Calculate the remainder when (2 - -20)/((-8)/(-20)) is divided by 14.
13
Let i = 121 - 56. What is the remainder when i is divided by 20?
5
Suppose 3*c + 0*c = 54. Suppose 0 = 2*h - 4*q - 6, q + 38 = -4*h - q. Let p(m) = m**2 + 5*m - 4. What is the remainder when c is divided by p(h)?
8
Suppose -t + 4*h = 30, t + 4*h - 2*h = -24. Let a = 40 + t. Suppose 8*n - 48 = 2*n. Calculate the remainder when a is divided by n.
6
Suppose 0*l + 8 = 4*l. Suppose -5*z - 3*d = -2*d - 58, -l*d = 2*z - 20. Calculate the remainder when 35 is divided by z.
11
Suppose v + 2*x - 35 + 9 = 0, 0 = v + x - 23. Calculate the remainder when 73 is divided by v.
13
Let m = -58 - -69. What is the remainder when 52 is divided by m?
8
Suppose -m = -5*o + 72, -3*m - 2*m = 3*o - 60. Let a = -13 - -21. What is the remainder when (-2)/(-3 + 43/o) is divided by a?
7
Calculate the remainder when 42 is divided by (11*(-16)/4)/(-2).
20
Suppose 0 = 2*p + 4, -2*g - p - p = -54. What is the remainder when g is divided by 8?
5
Suppose 8*v - 75 = 3*v. Suppose 3*p - 2*w = 167, -3*w = -p - p + 108. Calculate the remainder when p is divided by v.
12
Calculate the remainder when (-541)/(-7) + (-20)/70 is divided by 26.
25
Suppose 0 = 4*q + 3*m - 207, 0 = q - 5*m - 16 - 7. Suppose p + 65 = 5*j, -2*j - 13 = -3*j + 4*p. Calculate the remainder when q is divided by j.
9
Let l = -5 + 59. Calculate the remainder when l is divided by 15.
9
Let g(k) = -k**2 + 8*k - 2. Let v be g(7). Let o = v - 3. Suppose -o*l = 3*l - 25. Calculate the remainder when 14 is divided by l.
4
Suppose -4*c = 3*q, -3*q = -c - 2*c - 21. Let n be (9/6)/(c/16). Let i(u) = -u**3 - 7*u**2 + 7*u - 6. What is the remainder when 3 is divided by i(n)?
1
Let o(t) = -t**3 - 10*t**2 + 10*t - 4. What is the remainder when 25 is divided by o(-11)?
4
Let g be (1 - 0 - 2)/1. Suppose -3*z - 5*j = -96, -128 = -4*z + j + j. Calculate the remainder when z is divided by ((-17)/3)/(g/3).
15
Suppose 4*b - 9 = -6*r + r, -3*r - 1 = 4*b. Suppose -r*z - 57 = -4*y, z = -3*y - 3*z + 66. What is the remainder when 53 is divided by y?
17
Let s be ((-1)/2)/(1/6). Let c be s/9 + (-100)/(-3). Suppose 2*k = -k + c. What is the remainder when 20 is divided by k?
9
What is the remainder when (2 + (-105)/(-6))/((-6)/(-36)) is divided by 30?
27
Suppose -4*m + q + 33 = -48, -m + 2*q + 15 = 0. What is the remainder when 38 is divided by m?
17
Suppose -17*t + 23*t - 462 = 0. Calculate the remainder when t is divided by 2/(-7) + (-142)/(-7).
17
Let y(h) = -5*h + 20. Calculate the remainder when y(-9) is divided by 22.
21
Let f be (-3)/((3 - 6)/3). Suppose 3*u - 6 = f. Suppose -3*k = -5*z - 2*k + 123, -u*k - 94 = -4*z. Calculate the remainder when 73 is divided by z.
23
Let 